 3 + 14*x - 2. Suppose -16 - 9 = 5*j. Is g(j) a prime number?
False
Let k(b) = 136*b**2 - 4*b. Let c be k(3). Let z be 1008/630 - (-227)/5. Suppose -5*m + c = z. Is m composite?
False
Let b be (-124)/(3/12 + 165/(-564)). Suppose -2*u + b = -0*u. Is u composite?
True
Let a be 3/(-3) + 4 + 0. Suppose -a*m = -6*m + 261. Is m composite?
True
Let g(b) = 715*b**2 + 2*b - 2. Let j be g(1). Suppose -4*h + 2*o = -590, -6*o + j = 5*h - 4*o. Is h composite?
True
Let r(u) = 5*u**3 + 4*u**2 - 8 - 4*u**3 + 33 + 0*u**3 - 4*u. Is r(10) composite?
True
Let m be -25 - -26 - -539*1. Suppose 0 = -2*n + 7*n + 5*f - m, 0 = 2*n - f - 222. Suppose 0 = -o + n + 81. Is o a composite number?
False
Let u(t) be the third derivative of 25*t**5/6 - t**4/8 - t**3/3 - 18*t**2. Let j = -1 + 0. Is u(j) a prime number?
True
Suppose -l + 28 = 3*l. Suppose l*x - 785 - 468 = 0. Is x a prime number?
True
Let n = 13094 - 6291. Is n a composite number?
False
Is ((-42)/42)/(14254/(-4751) - -3) a composite number?
False
Let q(u) be the second derivative of 11*u**4/2 - u**3/6 + u**2/2 - 9*u. Is q(-4) a prime number?
True
Let n be -24 + 0/(-4 - -3). Let q = n - 57. Let u = -47 - q. Is u composite?
True
Let i = 56 + -49. Suppose i*b - 6*b = 237. Is b a prime number?
False
Suppose 0 = -23*x + 160949 - 12852. Is x composite?
True
Let v = 6218 - 2625. Is v a composite number?
False
Let r(i) = -i**2 - 13*i - 8. Let b = -41 + 95. Suppose 14 - b = 4*k. Is r(k) a composite number?
True
Suppose 61*v - 71*v + 7190 = 0. Is v a prime number?
True
Let d(n) = 32*n**3 + 20*n**2 - 36*n + 237. Is d(13) prime?
True
Suppose -3*d + 5*w = -4, 3*d + w + w = -10. Is (-5 + 3)/(-4) + (-1909)/d composite?
True
Suppose l + 486 = -g, 11*g - 1490 = 3*l + 6*g. Let v = l + 899. Is v a composite number?
False
Let p(f) be the first derivative of 3*f**4/4 - 7*f**3/3 - f**2 + 4*f - 2. Is p(5) composite?
True
Suppose 5*j = 382 + 46653. Is j a composite number?
True
Suppose 2*h - 11*h - 9180 = 0. Let w = 1669 + h. Is w composite?
True
Let r(q) = -q**3 - 4*q**2 - 4*q - 6. Let x be r(-4). Suppose -4*l - l = -x. Suppose 4*o = w - 2*w - l, -3*o - 26 = -w. Is w a composite number?
True
Let w be (3 + 5)/((-2)/(-1)). Suppose -2*q + w = -0*q. Suppose -q*v = -h - v + 10, 4*v - 72 = -4*h. Is h a prime number?
False
Let a be (11 + -12)/((-1)/580). Let q be (-1 + 2)/(1/(-3)). Is (0 + q - -6) + a composite?
True
Let l = 18 - 12. Let o = 8 - l. Suppose 2*a - 2*m = -4 + 64, o*a - 64 = -2*m. Is a a prime number?
True
Let a(y) = -y**2 + 2*y + 36. Let t be a(0). Suppose -t = o + 5*o. Is ((-717)/o)/((-2)/(-4)) a composite number?
False
Let k be (54/45)/(6/170). Let m = -3 + 7. Is (4 - m) + k + 1 a prime number?
False
Suppose 10*h - 60 = 5*h. Is 18/h*4102/6*2 a composite number?
True
Let i(r) = -185*r - 18. Let a(g) = g**2 + 11*g - 19. Let o be a(-12). Is i(o) a composite number?
False
Let m = 752 - -8737. Suppose -11*z = -8*z - m. Is z a prime number?
True
Let a = 379 - -2262. Is a a prime number?
False
Let i be -3*(-4)/6 + 3. Suppose i*l + 37 - 87 = -5*h, -3*h = l. Is (77/(-3))/((-5)/l) a prime number?
False
Suppose 4*i = -4, 2*v - i = -691 - 160. Let c = v - -180. Is (-5)/((-3)/(c/(-2))) composite?
True
Let x(i) = 26*i - 7. Let d(c) = c**2 + 13*c + 9. Let p be d(-8). Let v = p + 37. Is x(v) a prime number?
True
Let f(x) = -51*x**2 + 8*x - 2. Let b be f(3). Let s = b - -622. Is s a composite number?
True
Suppose -434 = -5*v - 1129. Let t be (-1)/3 - 1726/6. Let y = v - t. Is y prime?
True
Suppose -13*l + 27745 = -1050. Is l a prime number?
False
Suppose 0 = -v + 2*x - 0 - 2, 4*x = 0. Let y = v + 4. Suppose 2*c - o - 83 = -2*c, 4*c - y*o - 82 = 0. Is c a prime number?
False
Let u = -35790 + 64087. Is u composite?
False
Let k = -15044 + 25077. Is k prime?
False
Suppose -1534840 = -25*h + 257785. Is h a composite number?
True
Let b = -9866 - -4029. Let j = -4080 - b. Is j a composite number?
True
Suppose 29092 = 27*p - 23*p. Is p prime?
False
Let d(i) = i**2 - 4*i + 5. Let u be d(4). Suppose 88 = 3*l + f + 4, 5*l - 160 = u*f. Suppose l = a - 5. Is a prime?
False
Let g = 45 + -23. Suppose -c + 31 = -g. Let j = -31 + c. Is j composite?
True
Suppose 2*o + 4*a - 18210 = 0, -15*o = -11*o - 3*a - 36475. Is o a prime number?
False
Let a(d) = -3*d + 1. Let f be a(-3). Suppose f*q - 15*q + 1885 = 0. Is q composite?
True
Suppose -t = 2*r - 9 - 13, 0 = 5*r + 3*t - 54. Is 16780/5 + (-5)/(20/r) a prime number?
False
Suppose -3*s + 1003 = -4*o + 387, -2*o = s - 192. Let n = s - -87. Is n composite?
True
Suppose 0 = 4*k - k - 9. Suppose w - 2 = k*w. Is w + 348/((-6)/(-2)) a composite number?
True
Is 540 + 5/(6 - 30/6) a prime number?
False
Let g = 2446 + -3437. Let b be g*(-2 - (-2 - 1)). Is b/(-3) - 4/(-6) prime?
True
Let v = 33095 - 15276. Is v prime?
False
Suppose m = -5*t + t + 35, 3*t = 4*m + 50. Let v = -12 + t. Is -157*v/(-4)*-2 a prime number?
True
Let u(g) = 58*g**3 + g**2 - 7*g + 4. Let z be u(2). Suppose 0 = 3*n + 2*s - 727, -4*s - z = -5*n + 3*n. Is n a prime number?
True
Let w(n) = -n**2 + 8*n + 6. Let p = -24 - -14. Let v = -3 - p. Is w(v) a composite number?
False
Let j = 175339 + -105296. Is j composite?
True
Let p be ((2 - 0) + -3)*585. Is 2 + (-8 - -5) - (p - -1) composite?
True
Suppose -l = 5*l. Is (4/(l - -12))/(2/2886) a composite number?
True
Let f(j) = 17*j**3 + 12*j**2 - 67*j - 9. Is f(8) prime?
False
Let s(b) = -28*b + 3. Let x be s(-3). Let f = x + 23. Suppose -3*q = -8*q + f. Is q prime?
False
Let k = -127 - -127. Suppose 5*y - m = -k*m + 15916, 3*m - 3180 = -y. Is y a prime number?
False
Let m(o) = 493*o**2 + 14*o + 31. Is m(-3) composite?
True
Is 0 - (-45098 + 6 + 1) a composite number?
True
Let v(n) = n**2 + 11*n - 11. Let x be v(-15). Is 37114/x + 6/(-14) a composite number?
False
Suppose -17*m + 82662 + 5177 = 0. Is m a composite number?
False
Let a = -269 - -596. Suppose 2*w - 652 = -5*p, w + p + p - a = 0. Is w prime?
True
Let s be 128/6 - 7/21. Let w(b) = b**3 - b + 2. Let m be w(0). Is s/m*26/3 a prime number?
False
Let u be (3/(-2))/(18/(-24)). Suppose -2*r - u*r + 2556 = -4*v, 0 = 3*r + 2*v - 1927. Is r prime?
True
Let q(b) be the third derivative of b**5/60 + 7*b**4/24 - 2*b**3 + b**2. Is q(-9) a prime number?
False
Suppose 2*p = -z + 31, -3*p + z - 46 = -6*p. Let r = p + 44. Is r prime?
True
Let w = 113 - 164. Let v = w - -126. Let t = v + 102. Is t prime?
False
Let s(y) = -y**2 + 7*y - 5. Let q be s(6). Let a = q + -3. Let f(b) = -3*b**3 + 2*b**2 + b + 1. Is f(a) prime?
True
Suppose 10 = 2*y + 12, -5*y = -4*c + 429. Is c prime?
False
Suppose -3*c + 15 = -0*c. Suppose -2*f + 10 = 0, -c*a + 7 + 23 = f. Is a/(-40) - (-17586)/16 composite?
True
Suppose 0*w - 9314 = 2*i - 2*w, 23261 = -5*i - 3*w. Is i/(-4) + (-3)/6 a composite number?
False
Let f(x) = 15*x**2 + 3*x - 3. Let g be f(2). Let y be (-18)/g - (-2)/7. Suppose 2*m - 1194 + 296 = y. Is m a prime number?
True
Suppose 0 = -2*j + 4*z + 2729 + 2963, 5*z + 11378 = 4*j. Suppose -2899 = -3*l + a, 2*l - j = a - 910. Is l a prime number?
True
Let m = 14 + -11. Suppose m*a - 241 = 3383. Suppose -a = -3*c + y, 2*y - y = c - 406. Is c prime?
True
Let z be (38/8 - 5)*(-8 + 0). Let j(f) be the third derivative of f**6/60 - f**5/60 + f**4/24 + f**3/6 - f**2. Is j(z) prime?
False
Let r(d) = 32*d**2 + 16*d + 4. Let t be r(-7). Suppose 2*f + t = 6*f. Is f a prime number?
False
Let s(f) = -f**2 + 3*f - 2. Let p be s(2). Let j(t) = 0 + 2 - 3*t + p*t**2 + 3*t**2 + 3. Is j(-10) a composite number?
True
Let i(w) be the first derivative of 2*w**4 - w**3/3 + 3*w**2 - 3*w + 1. Let p be i(4). Let q = -308 + p. Is q a composite number?
True
Let f(q) = 1446*q**2 - 7*q - 5. Is f(-4) composite?
False
Let h(m) be the second derivative of 23*m**4/12 + 3*m**3/2 + 11*m**2/2 - 25*m. Is h(-10) composite?
False
Suppose 12*u - 4*u = 2776. Is u a composite number?
False
Suppose 0*b + 18 = 2*b - 3*y, b - 15 = 3*y. Let z(u) = 3*u**2 - 6*u - 2. Let s be z(-7). Suppose 3*v + 5*d = s, -4*v + d + b*d = -228. Is v a prime number?
True
Let n = 19 + -16. Suppose 13*m - 14*m = n. Is (-7 - 3379)/(1 + m) prime?
True
Let m(a) = a**2 - 11*a + 2. Let u be m(11). Suppose -u*r + 14 + 132 = 0. Suppose 5*d - r = 672. Is d composite?
False
Suppose -3*o = 5*r + 5, 4*o - 5*r = o - 55. Let i(b) = b**3 + 13*b**2 - 22*b + 23.